81 divide 2194459?
False
Is 8078724 a multiple of 57?
True
Is 320730 a multiple of 375?
False
Is 13 a factor of 297189?
False
Is 4063373 a multiple of 7?
False
Does 27 divide 1463650?
False
Is 2 a factor of 6017?
False
Is 7639164 a multiple of 12?
True
Does 12 divide 4380561?
False
Is 199 a factor of 166364?
True
Is 315 a factor of 1000890?
False
Does 136 divide 18629680?
False
Is 1283318 a multiple of 1149?
False
Is 5571511 a multiple of 11?
True
Is 14 a factor of 10094?
True
Does 31 divide 16412?
False
Does 2 divide 31927?
False
Does 12 divide 176824?
False
Does 20 divide 238040?
True
Is 130220 a multiple of 20?
True
Is 1700473 a multiple of 76?
False
Is 244 a factor of 5706184?
True
Is 487 a factor of 1653025?
False
Does 126 divide 757883?
False
Is 35 a factor of 4203990?
True
Does 221 divide 7006363?
True
Is 1451140 a multiple of 530?
True
Does 30 divide 124080?
True
Is 284741 a multiple of 9?
False
Is 8 a factor of 910216?
True
Is 230454 a multiple of 434?
True
Is 867 a factor of 467484?
False
Is 51 a factor of 2728510?
False
Is 52 a factor of 7554945?
False
Is 129 a factor of 593260?
False
Is 2 a factor of 226976?
True
Is 538560 a multiple of 165?
True
Does 607 divide 1008227?
True
Is 2050410 a multiple of 19?
False
Is 337 a factor of 14195?
False
Does 3 divide 17868?
True
Is 48 a factor of 595636?
False
Is 10 a factor of 196054?
False
Is 1437 a factor of 13668744?
True
Is 27 a factor of 3191612?
False
Is 19110 a multiple of 273?
True
Is 2129706 a multiple of 632?
False
Is 6 a factor of 1994094?
True
Does 434 divide 340690?
True
Is 47112 a multiple of 104?
True
Is 312 a factor of 511258?
False
Is 306 a factor of 1328346?
True
Is 8 a factor of 9309072?
True
Is 349915 a multiple of 973?
False
Does 10 divide 1654803?
False
Is 393 a factor of 5630402?
False
Does 42 divide 5288598?
True
Is 456 a factor of 1798008?
True
Is 8 a factor of 8079045?
False
Does 140 divide 35237?
False
Is 144970 a multiple of 70?
True
Is 126178 a multiple of 13?
True
Is 244 a factor of 2112064?
True
Is 116 a factor of 934728?
True
Is 22110 a multiple of 22?
True
Is 497780 a multiple of 20?
True
Is 311 a factor of 1402018?
False
Is 67340 a multiple of 73?
False
Is 2649436 a multiple of 982?
True
Does 114 divide 8332899?
False
Is 52 a factor of 34164?
True
Does 9 divide 1531782?
True
Does 122 divide 251491?
False
Does 52 divide 1852862?
False
Is 1244318 a multiple of 13?
False
Does 901 divide 12578861?
True
Is 25839746 a multiple of 622?
True
Is 32099760 a multiple of 193?
True
Is 176 a factor of 478192?
True
Is 51 a factor of 649684?
False
Is 193 a factor of 2420220?
True
Does 25 divide 972016?
False
Is 536100 a multiple of 75?
True
Is 2871498 a multiple of 49?
True
Is 2945431 a multiple of 72?
False
Is 278143 a multiple of 208?
False
Is 421760 a multiple of 32?
True
Does 23 divide 224119?
False
Does 39 divide 449241?
True
Is 10 a factor of 378621?
False
Does 287 divide 342965?
True
Does 687 divide 794756?
False
Is 14 a factor of 65609?
False
Does 35 divide 201985?
True
Is 7 a factor of 437107?
False
Is 155 a factor of 5306565?
False
Is 27373 a multiple of 8?
False
Is 936852 a multiple of 320?
False
Is 6 a factor of 112253?
False
Is 80085 a multiple of 6?
False
Does 894 divide 2839706?
False
Does 118 divide 455489?
False
Is 146527 a multiple of 20?
False
Is 455 a factor of 619322?
False
Is 57 a factor of 564357?
True
Is 3094324 a multiple of 292?
True
Is 205297 a multiple of 345?
False
Is 2140998 a multiple of 9?
False
Does 11 divide 18348?
True
Is 6182496 a multiple of 12?
True
Does 317 divide 806448?
True
Is 66 a factor of 10716420?
True
Is 86068 a multiple of 15?
False
Is 6013671 a multiple of 40?
False
Is 9 a factor of 69948?
True
Is 2160564 a multiple of 51?
True
Is 14 a factor of 26012610?
False
Does 5 divide 150690?
True
Does 14 divide 5365465?
False
Is 11 a factor of 1064382?
True
Does 36 divide 166788?
True
Does 7 divide 45150?
True
Does 22 divide 3912194?
True
Is 1428984 a multiple of 446?
True
Is 1845403 a multiple of 129?
False
Does 22 divide 6688?
True
Is 750 a multiple of 182?
False
Does 39 divide 38025?
True
Is 3058860 a multiple of 30?
True
Is 216149 a multiple of 28?
False
Is 20 a factor of 32740?
True
Does 34 divide 140760?
True
Is 320505 a multiple of 19?
False
Is 36 a factor of 85104?
True
Is 1337787 a multiple of 9?
True
Is 17 a factor of 8720473?
True
Does 47 divide 13798025?
True
Is 129932 a multiple of 22?
True
Is 158 a factor of 164162?
True
Is 33 a factor of 236643?
True
Does 71 divide 26904030?
True
Is 11 a factor of 2824360?
True
Does 230 divide 357420?
True
Is 220934 a multiple of 43?
True
Does 836 divide 1502292?
True
Is 7280136 a multiple of 12?
True
Does 8 divide 213903?
False
Is 125 a factor of 147250?
True
Does 69 divide 436195?
False
Is 5210039 a multiple of 30?
False
Is 208286 a multiple of 145?
False
Is 77 a factor of 86471?
True
Is 151 a factor of 83503?
True
Does 1150 divide 1343490?
False
Is 116470 a multiple of 19?
True
Does 457 divide 917056?
False
Does 50 divide 1329941?
False
Is 2151600 a multiple of 44?
True
Does 10 divide 2002180?
True
Is 81 a factor of 1077057?
True
Does 98 divide 134750?
True
Does 732 divide 2894328?
True
Does 5 divide 12613?
False
Is 116 a factor of 3391246?
False
Is 710 a factor of 2464551?
False
Does 51 divide 2503941?
False
Does 109 divide 107603?
False
Does 4 divide 370720?
True
Is 17 a factor of 2675120?
True
Does 82 divide 73226?
True
Is 2601974 a multiple of 19?
True
Does 303 divide 23782568?
False
Is 479368 a multiple of 24?
False
Is 1559513 a multiple of 59?
False
Does 7 divide 891016?
True
Does 271 divide 306649?
False
Is 555 a factor of 3484290?
True
Is 9612463 a multiple of 414?
False
Does 16 divide 4431989?
False
Is 2 a factor of 60727?
False
Does 19 divide 1342307?
False
Does 17 divide 164297?
False
Is 237405 a multiple of 833?
True
Does 6 divide 33021?
False
Is 871640 a multiple of 14?
True
Is 1802979 a multiple of 499?
False
Is 717 a factor of 2276041?
False
Is 21 a factor of 4400571?
True
Does 42 divide 954828?
True
Is 1736 a factor of 713496?
True
Does 440 divide 9340252?
False
Is 986 a factor of 7896129?
False
Does 23 divide 4278?
True
Does 15 divide 692249?
False
Is 87529 a multiple of 4?
False
Is 2502323 a multiple of 32?
False
Is 19 a factor of 399323?
True
Does 58 divide 259724?
True
Does 100 divide 8119916?
False
Is 2576808 a multiple of 234?
True
Is 668 a factor of 1402800?
True
Is 26 a factor of 1388927?
False
Is 542576 a multiple of 16?
True
Is 76918 a multiple of 151?
False
Does 2 divide 27099?
False
Is 673 a factor of 3237515?
False
Does 9 divide 170334?
True
Is 14 a factor of 3899108?
False
Is 13232396 a multiple of 2174?
False
Does 4 divide 3622440?
True
Is 37 a factor of 4247778?
False
Does 21 divide 55104?
True
Does 9 divide 394566?
False
Does 71 divide 2155284?
False
Is 15 a factor of 226905?
True
Does 239 divide 68354?
True
Is 7 a factor of 1353932?
False
Does 81 divide 22761?
True
Does 28 divide 1269744?
True
Is 323 a factor of 10498146?
True
Is 45 a factor of 1314453?
False
Is 1879455 a multiple of 27?
False
Is 185550 a multiple of 25?
True
Is 5707154 a multiple of 30?
False
Is 1522 a factor of 10057308?
False
Is 314 a factor of 45216?
True
Is 7 a factor of 415697?
False
Is 64605 a multiple of 73?
True
Is 10 a factor of 6386970?
True
Is 15 a factor of 127635?
True
Is 16 a factor of 309241?
False
Is 114719 a multiple of 13?
False
Is 147 a factor of 1389143?
False
Is 1309824 a multiple of 30?
False
Is 10 a factor of 118793?
False
Is 4596604 a multiple of 56?
False
Is 2219730 a multiple of 1171?
False
Is 12 a factor of 6513868?
False
Is 68 a factor of 231268?
True
Does 160 divide 137440?
True
Is 16080400 a multiple of 140?
True
Is 208362 a multiple of 246?
True
Is 105 a factor of 11927895?
True
Is 366086 a multiple of 26?
False
Is 13356 a multiple of 36?
True
Is 69 a factor of 5393811?
False
Does 176 divide 8272?
True
Is 2522295 a multiple of 15?
True
Is 11773789 a multiple of 28?
False
Is 183 a factor of 1851045?
True
Is 19912340 a multiple of 14?
True
Does 486 divide 175446?
True
Is 7306595 a multiple of 883?
False
Is 77 a factor of 3015089?
True
Is 30307 a multiple of 25?
False
Is 303283 a multiple of 219?
False
Is 121656 even?
True
Is 10002 even?
True
Is 31 a 